{"id":280,"date":"2019-08-27T10:12:21","date_gmt":"2019-08-27T10:12:21","guid":{"rendered":"https:\/\/studionagranlodz.pl\/?page_id=280"},"modified":"2022-06-24T09:42:39","modified_gmt":"2022-06-24T07:42:39","slug":"wycinanie-wokalu-z-piosenki","status":"publish","type":"page","link":"https:\/\/studionagranlodz.pl\/index.php\/wycinanie-wokalu-z-piosenki\/","title":{"rendered":"Wycinanie, usuwanie wokalu z piosenki."},"content":{"rendered":"\n<figure class=\"wp-block-image is-resized\"><img decoding=\"async\" src=\"https:\/\/studionagranlodz.pl\/wp-content\/uploads\/2022\/02\/Wycinanie-wokalu-z-piosenki-1024x596.jpg\" alt=\"Wycinanie, usuwanie wokalu z piosenki\" class=\"wp-image-522\" width=\"354\" height=\"205\" srcset=\"https:\/\/studionagranlodz.pl\/wp-content\/uploads\/2022\/02\/Wycinanie-wokalu-z-piosenki-1024x596.jpg 1024w, https:\/\/studionagranlodz.pl\/wp-content\/uploads\/2022\/02\/Wycinanie-wokalu-z-piosenki-300x175.jpg 300w, https:\/\/studionagranlodz.pl\/wp-content\/uploads\/2022\/02\/Wycinanie-wokalu-z-piosenki-768x447.jpg 768w, https:\/\/studionagranlodz.pl\/wp-content\/uploads\/2022\/02\/Wycinanie-wokalu-z-piosenki-1536x894.jpg 1536w, https:\/\/studionagranlodz.pl\/wp-content\/uploads\/2022\/02\/Wycinanie-wokalu-z-piosenki.jpg 1640w\" sizes=\"(max-width: 354px) 100vw, 354px\" \/><\/figure>\n\n\n\n<p>Wycinanie (usuwanie) wokalu z piosenki wykonujemy jako us\u0142ug\u0119.  Nale\u017cy przes\u0142a\u0107 do nas piosenk\u0119 w jak najlepszej jako\u015bci Wav. lub mp3 (320kbps) wtedy efekty b\u0119d\u0105 ca\u0142kiem dobre i utw\u00f3r nie straci du\u017co na jako\u015bci.<\/p>\n\n\n\n<p>Najlepsze efekty uzyskuje si\u0119 na piosenkach z pojedynczym g\u0142osem lub z ma\u0142ym ch\u00f3rkiem w refrenie. W przypadku wi\u0119kszej ilo\u015bci g\u0142os\u00f3w mog\u0105 one si\u0119 tylko zredukowa\u0107. Wszystko zale\u017cy od samej piosenki.<\/p>\n\n\n\n<p>Nie z ka\u017cdej piosenki da si\u0119 dobrze <a href=\"https:\/\/vocalremover.org\/pl\/\">usun\u0105\u0107 wokal<\/a>. Je\u015bli jest np. du\u017co ch\u00f3rk\u00f3w to zajmuj\u0105 one du\u017c\u0105 cz\u0119\u015b\u0107 pasma piosenki i po wyci\u0119ciu ich nie za du\u017co zostanie z podk\u0142adu. <\/p>\n\n\n\n<p>Podk\u0142ad tego typu jest <strong>tylko do u\u017cytku w\u0142asnego<\/strong> poniewa\u017c piosenka jest w\u0142asno\u015bci\u0105 tw\u00f3rc\u00f3w i mog\u0105 oni nie \u017cyczy\u0107 sobie modyfikacji tego typu.<\/p>\n\n\n\n<p>Wycinanie wokalu z piosenki wykonujemy w ci\u0105gu kilku dni roboczych. Podk\u0142ad mo\u017cemy wys\u0142a\u0107 w dowolnym formacie audio na \u017cyczenie zamawiaj\u0105cego. Usuni\u0119ty wokal mo\u017cemy wys\u0142a\u0107 osobno jako dodatkowy plik. Przydatne np. przy remixach dj-skich itp.<\/p>\n\n\n\n<p>Ca\u0142kowity koszt redukcji g\u0142osu z piosenki oko\u0142o 3 minut to <strong>80z\u0142 <\/strong><\/p>\n\n\n\n<p>Podk\u0142ad tego typu jest troch\u0119 gorszej jako\u015bci ni\u017c zrobiony na zam\u00f3wienie, ale jest najta\u0144sz\u0105 alternatyw\u0105 gdy potrzebujemy go &#8222;na ju\u017c&#8221; i nie mamy zbyt du\u017cych wymaga\u0144 co do pe\u0142nego pasma. <\/p>\n\n\n\n<p>Mo\u017cemy tak\u017ce wykona\u0107 bardziej zaawansowan\u0105 obr\u00f3bk\u0119 pliku audio. Szczeg\u00f3\u0142y <a href=\"https:\/\/studionagranlodz.pl\/index.php\/postprodukcja\/\">tutaj<\/a><\/p>\n\n\n\n<p>Istnieje te\u017c mo\u017cliwo\u015b\u0107 &#8222;rozbicia&#8221; podk\u0142adu na poszczeg\u00f3lne sekcje. To znaczy osobno perkusja, bas, g\u0142osy i instrumenty. Nie we wszystkich partiach daje to dobre rezultaty, ale jako amatorski backingtrack instrumentalny mo\u017ce pos\u0142u\u017cy\u0107.<\/p>\n\n\n\n<p>Zapraszamy serdecznie do wsp\u00f3\u0142pracy.<\/p>\n","protected":false},"excerpt":{"rendered":"<p>Wycinanie (usuwanie) wokalu z piosenki wykonujemy jako us\u0142ug\u0119. Nale\u017cy przes\u0142a\u0107 do nas piosenk\u0119 w jak najlepszej jako\u015bci Wav. lub mp3 (320kbps) wtedy efekty b\u0119d\u0105 ca\u0142kiem dobre i utw\u00f3r nie straci du\u017co na jako\u015bci. Najlepsze efekty uzyskuje si\u0119 na piosenkach z pojedynczym g\u0142osem lub z ma\u0142ym ch\u00f3rkiem w refrenie. W przypadku wi\u0119kszej ilo\u015bci g\u0142os\u00f3w mog\u0105 one [&hellip;]<\/p>\n","protected":false},"author":1,"featured_media":0,"parent":0,"menu_order":0,"comment_status":"closed","ping_status":"closed","template":"","meta":{"_et_pb_use_builder":"","_et_pb_old_content":"","_et_gb_content_width":"","footnotes":""},"class_list":["post-280","page","type-page","status-publish","hentry"],"yoast_head":"<!-- This site is optimized with the Yoast SEO Premium plugin v26.4 (Yoast SEO v27.5) - https:\/\/yoast.com\/product\/yoast-seo-premium-wordpress\/ -->\n<title>Wycinanie, usuwanie wokalu z piosenki. - Studio Nagra\u0144 \u0141\u00f3d\u017a 11-tka. Zapis audio, edycja wokali, poprawa jako\u015bci plik\u00f3w z dyktafonu i wideo<\/title>\n<meta name=\"description\" content=\"wycinanie wokalu z piosenki, usuwanie wokalu z piosenek, redukcja g\u0142osu w mp3, eliminacja \u015bcie\u017cki wokalu w piosenkach, usu\u0144 wokal z piosenki\" \/>\n<meta name=\"robots\" content=\"index, follow, max-snippet:-1, max-image-preview:large, max-video-preview:-1\" \/>\n<link rel=\"canonical\" href=\"https:\/\/studionagranlodz.pl\/index.php\/wycinanie-wokalu-z-piosenki\/\" \/>\n<meta property=\"og:locale\" content=\"pl_PL\" \/>\n<meta property=\"og:type\" content=\"article\" \/>\n<meta property=\"og:title\" content=\"Wycinanie, usuwanie wokalu z piosenki.\" \/>\n<meta property=\"og:description\" content=\"wycinanie wokalu z piosenki, usuwanie wokalu z piosenek, redukcja g\u0142osu w mp3, eliminacja \u015bcie\u017cki wokalu w piosenkach, usu\u0144 wokal z piosenki\" \/>\n<meta property=\"og:url\" content=\"https:\/\/studionagranlodz.pl\/index.php\/wycinanie-wokalu-z-piosenki\/\" \/>\n<meta property=\"og:site_name\" content=\"Studio Nagra\u0144 \u0141\u00f3d\u017a 11-tka. Zapis audio, edycja wokali, poprawa jako\u015bci plik\u00f3w z dyktafonu i wideo\" \/>\n<meta property=\"article:publisher\" content=\"https:\/\/www.facebook.com\/studionagraniowe11\" \/>\n<meta property=\"article:modified_time\" content=\"2022-06-24T07:42:39+00:00\" \/>\n<meta property=\"og:image\" content=\"https:\/\/studionagranlodz.pl\/wp-content\/uploads\/2022\/02\/Wycinanie-wokalu-z-piosenki-1024x596.jpg\" \/>\n<meta name=\"twitter:card\" content=\"summary_large_image\" \/>\n<meta name=\"twitter:label1\" content=\"Szacowany czas czytania\" \/>\n\t<meta name=\"twitter:data1\" content=\"2 minuty\" \/>\n<script type=\"application\/ld+json\" class=\"yoast-schema-graph\">{\"@context\":\"https:\\\/\\\/schema.org\",\"@graph\":[{\"@type\":\"WebPage\",\"@id\":\"https:\\\/\\\/studionagranlodz.pl\\\/index.php\\\/wycinanie-wokalu-z-piosenki\\\/\",\"url\":\"https:\\\/\\\/studionagranlodz.pl\\\/index.php\\\/wycinanie-wokalu-z-piosenki\\\/\",\"name\":\"Wycinanie, usuwanie wokalu z piosenki. - Studio Nagra\u0144 \u0141\u00f3d\u017a 11-tka. Zapis audio, edycja wokali, poprawa jako\u015bci plik\u00f3w z dyktafonu i wideo\",\"isPartOf\":{\"@id\":\"https:\\\/\\\/studionagranlodz.pl\\\/#website\"},\"primaryImageOfPage\":{\"@id\":\"https:\\\/\\\/studionagranlodz.pl\\\/index.php\\\/wycinanie-wokalu-z-piosenki\\\/#primaryimage\"},\"image\":{\"@id\":\"https:\\\/\\\/studionagranlodz.pl\\\/index.php\\\/wycinanie-wokalu-z-piosenki\\\/#primaryimage\"},\"thumbnailUrl\":\"https:\\\/\\\/studionagranlodz.pl\\\/wp-content\\\/uploads\\\/2022\\\/02\\\/Wycinanie-wokalu-z-piosenki-1024x596.jpg\",\"datePublished\":\"2019-08-27T10:12:21+00:00\",\"dateModified\":\"2022-06-24T07:42:39+00:00\",\"description\":\"wycinanie wokalu z piosenki, usuwanie wokalu z piosenek, redukcja g\u0142osu w mp3, eliminacja \u015bcie\u017cki wokalu w piosenkach, usu\u0144 wokal z piosenki\",\"breadcrumb\":{\"@id\":\"https:\\\/\\\/studionagranlodz.pl\\\/index.php\\\/wycinanie-wokalu-z-piosenki\\\/#breadcrumb\"},\"inLanguage\":\"pl-PL\",\"potentialAction\":[{\"@type\":\"ReadAction\",\"target\":[\"https:\\\/\\\/studionagranlodz.pl\\\/index.php\\\/wycinanie-wokalu-z-piosenki\\\/\"]}]},{\"@type\":\"ImageObject\",\"inLanguage\":\"pl-PL\",\"@id\":\"https:\\\/\\\/studionagranlodz.pl\\\/index.php\\\/wycinanie-wokalu-z-piosenki\\\/#primaryimage\",\"url\":\"https:\\\/\\\/studionagranlodz.pl\\\/wp-content\\\/uploads\\\/2022\\\/02\\\/Wycinanie-wokalu-z-piosenki.jpg\",\"contentUrl\":\"https:\\\/\\\/studionagranlodz.pl\\\/wp-content\\\/uploads\\\/2022\\\/02\\\/Wycinanie-wokalu-z-piosenki.jpg\",\"width\":1640,\"height\":954,\"caption\":\"wycinanie wokalu z piosenki mp3\"},{\"@type\":\"BreadcrumbList\",\"@id\":\"https:\\\/\\\/studionagranlodz.pl\\\/index.php\\\/wycinanie-wokalu-z-piosenki\\\/#breadcrumb\",\"itemListElement\":[{\"@type\":\"ListItem\",\"position\":1,\"name\":\"Home\",\"item\":\"https:\\\/\\\/studionagranlodz.pl\\\/\"},{\"@type\":\"ListItem\",\"position\":2,\"name\":\"Wycinanie, usuwanie wokalu z piosenki.\"}]},{\"@type\":\"WebSite\",\"@id\":\"https:\\\/\\\/studionagranlodz.pl\\\/#website\",\"url\":\"https:\\\/\\\/studionagranlodz.pl\\\/\",\"name\":\"Studio Nagra\u0144 \u0141\u00f3d\u017a 11-tka\",\"description\":\"Studio nagra\u0144 \u0141\u00f3d\u017a oferuje nagrania wokalist\u00f3w, lektor\u00f3w, mix i mastering. Odszumianie nagra\u0144 z dyktafonu. Produkcj\u0119 muzyczn\u0105 wraz z kompozycj\u0105 i aran\u017cacj\u0105.\",\"publisher\":{\"@id\":\"https:\\\/\\\/studionagranlodz.pl\\\/#organization\"},\"potentialAction\":[{\"@type\":\"SearchAction\",\"target\":{\"@type\":\"EntryPoint\",\"urlTemplate\":\"https:\\\/\\\/studionagranlodz.pl\\\/?s={search_term_string}\"},\"query-input\":{\"@type\":\"PropertyValueSpecification\",\"valueRequired\":true,\"valueName\":\"search_term_string\"}}],\"inLanguage\":\"pl-PL\"},{\"@type\":\"Organization\",\"@id\":\"https:\\\/\\\/studionagranlodz.pl\\\/#organization\",\"name\":\"PZ audio\",\"url\":\"https:\\\/\\\/studionagranlodz.pl\\\/\",\"logo\":{\"@type\":\"ImageObject\",\"inLanguage\":\"pl-PL\",\"@id\":\"https:\\\/\\\/studionagranlodz.pl\\\/#\\\/schema\\\/logo\\\/image\\\/\",\"url\":\"https:\\\/\\\/studionagranlodz.pl\\\/wp-content\\\/uploads\\\/2024\\\/08\\\/cropped-sound_studio_11_google_thumbnail.png\",\"contentUrl\":\"https:\\\/\\\/studionagranlodz.pl\\\/wp-content\\\/uploads\\\/2024\\\/08\\\/cropped-sound_studio_11_google_thumbnail.png\",\"width\":1024,\"height\":1024,\"caption\":\"PZ audio\"},\"image\":{\"@id\":\"https:\\\/\\\/studionagranlodz.pl\\\/#\\\/schema\\\/logo\\\/image\\\/\"},\"sameAs\":[\"https:\\\/\\\/www.facebook.com\\\/studionagraniowe11\"]}]}<\/script>\n<!-- \/ Yoast SEO Premium plugin. -->","yoast_head_json":{"title":"Wycinanie, usuwanie wokalu z piosenki. - Studio Nagra\u0144 \u0141\u00f3d\u017a 11-tka. Zapis audio, edycja wokali, poprawa jako\u015bci plik\u00f3w z dyktafonu i wideo","description":"wycinanie wokalu z piosenki, usuwanie wokalu z piosenek, redukcja g\u0142osu w mp3, eliminacja \u015bcie\u017cki wokalu w piosenkach, usu\u0144 wokal z piosenki","robots":{"index":"index","follow":"follow","max-snippet":"max-snippet:-1","max-image-preview":"max-image-preview:large","max-video-preview":"max-video-preview:-1"},"canonical":"https:\/\/studionagranlodz.pl\/index.php\/wycinanie-wokalu-z-piosenki\/","og_locale":"pl_PL","og_type":"article","og_title":"Wycinanie, usuwanie wokalu z piosenki.","og_description":"wycinanie wokalu z piosenki, usuwanie wokalu z piosenek, redukcja g\u0142osu w mp3, eliminacja \u015bcie\u017cki wokalu w piosenkach, usu\u0144 wokal z piosenki","og_url":"https:\/\/studionagranlodz.pl\/index.php\/wycinanie-wokalu-z-piosenki\/","og_site_name":"Studio Nagra\u0144 \u0141\u00f3d\u017a 11-tka. Zapis audio, edycja wokali, poprawa jako\u015bci plik\u00f3w z dyktafonu i wideo","article_publisher":"https:\/\/www.facebook.com\/studionagraniowe11","article_modified_time":"2022-06-24T07:42:39+00:00","og_image":[{"url":"https:\/\/studionagranlodz.pl\/wp-content\/uploads\/2022\/02\/Wycinanie-wokalu-z-piosenki-1024x596.jpg","type":"","width":"","height":""}],"twitter_card":"summary_large_image","twitter_misc":{"Szacowany czas czytania":"2 minuty"},"schema":{"@context":"https:\/\/schema.org","@graph":[{"@type":"WebPage","@id":"https:\/\/studionagranlodz.pl\/index.php\/wycinanie-wokalu-z-piosenki\/","url":"https:\/\/studionagranlodz.pl\/index.php\/wycinanie-wokalu-z-piosenki\/","name":"Wycinanie, usuwanie wokalu z piosenki. - Studio Nagra\u0144 \u0141\u00f3d\u017a 11-tka. Zapis audio, edycja wokali, poprawa jako\u015bci plik\u00f3w z dyktafonu i wideo","isPartOf":{"@id":"https:\/\/studionagranlodz.pl\/#website"},"primaryImageOfPage":{"@id":"https:\/\/studionagranlodz.pl\/index.php\/wycinanie-wokalu-z-piosenki\/#primaryimage"},"image":{"@id":"https:\/\/studionagranlodz.pl\/index.php\/wycinanie-wokalu-z-piosenki\/#primaryimage"},"thumbnailUrl":"https:\/\/studionagranlodz.pl\/wp-content\/uploads\/2022\/02\/Wycinanie-wokalu-z-piosenki-1024x596.jpg","datePublished":"2019-08-27T10:12:21+00:00","dateModified":"2022-06-24T07:42:39+00:00","description":"wycinanie wokalu z piosenki, usuwanie wokalu z piosenek, redukcja g\u0142osu w mp3, eliminacja \u015bcie\u017cki wokalu w piosenkach, usu\u0144 wokal z piosenki","breadcrumb":{"@id":"https:\/\/studionagranlodz.pl\/index.php\/wycinanie-wokalu-z-piosenki\/#breadcrumb"},"inLanguage":"pl-PL","potentialAction":[{"@type":"ReadAction","target":["https:\/\/studionagranlodz.pl\/index.php\/wycinanie-wokalu-z-piosenki\/"]}]},{"@type":"ImageObject","inLanguage":"pl-PL","@id":"https:\/\/studionagranlodz.pl\/index.php\/wycinanie-wokalu-z-piosenki\/#primaryimage","url":"https:\/\/studionagranlodz.pl\/wp-content\/uploads\/2022\/02\/Wycinanie-wokalu-z-piosenki.jpg","contentUrl":"https:\/\/studionagranlodz.pl\/wp-content\/uploads\/2022\/02\/Wycinanie-wokalu-z-piosenki.jpg","width":1640,"height":954,"caption":"wycinanie wokalu z piosenki mp3"},{"@type":"BreadcrumbList","@id":"https:\/\/studionagranlodz.pl\/index.php\/wycinanie-wokalu-z-piosenki\/#breadcrumb","itemListElement":[{"@type":"ListItem","position":1,"name":"Home","item":"https:\/\/studionagranlodz.pl\/"},{"@type":"ListItem","position":2,"name":"Wycinanie, usuwanie wokalu z piosenki."}]},{"@type":"WebSite","@id":"https:\/\/studionagranlodz.pl\/#website","url":"https:\/\/studionagranlodz.pl\/","name":"Studio Nagra\u0144 \u0141\u00f3d\u017a 11-tka","description":"Studio nagra\u0144 \u0141\u00f3d\u017a oferuje nagrania wokalist\u00f3w, lektor\u00f3w, mix i mastering. Odszumianie nagra\u0144 z dyktafonu. Produkcj\u0119 muzyczn\u0105 wraz z kompozycj\u0105 i aran\u017cacj\u0105.","publisher":{"@id":"https:\/\/studionagranlodz.pl\/#organization"},"potentialAction":[{"@type":"SearchAction","target":{"@type":"EntryPoint","urlTemplate":"https:\/\/studionagranlodz.pl\/?s={search_term_string}"},"query-input":{"@type":"PropertyValueSpecification","valueRequired":true,"valueName":"search_term_string"}}],"inLanguage":"pl-PL"},{"@type":"Organization","@id":"https:\/\/studionagranlodz.pl\/#organization","name":"PZ audio","url":"https:\/\/studionagranlodz.pl\/","logo":{"@type":"ImageObject","inLanguage":"pl-PL","@id":"https:\/\/studionagranlodz.pl\/#\/schema\/logo\/image\/","url":"https:\/\/studionagranlodz.pl\/wp-content\/uploads\/2024\/08\/cropped-sound_studio_11_google_thumbnail.png","contentUrl":"https:\/\/studionagranlodz.pl\/wp-content\/uploads\/2024\/08\/cropped-sound_studio_11_google_thumbnail.png","width":1024,"height":1024,"caption":"PZ audio"},"image":{"@id":"https:\/\/studionagranlodz.pl\/#\/schema\/logo\/image\/"},"sameAs":["https:\/\/www.facebook.com\/studionagraniowe11"]}]}},"_links":{"self":[{"href":"https:\/\/studionagranlodz.pl\/index.php\/wp-json\/wp\/v2\/pages\/280","targetHints":{"allow":["GET"]}}],"collection":[{"href":"https:\/\/studionagranlodz.pl\/index.php\/wp-json\/wp\/v2\/pages"}],"about":[{"href":"https:\/\/studionagranlodz.pl\/index.php\/wp-json\/wp\/v2\/types\/page"}],"author":[{"embeddable":true,"href":"https:\/\/studionagranlodz.pl\/index.php\/wp-json\/wp\/v2\/users\/1"}],"replies":[{"embeddable":true,"href":"https:\/\/studionagranlodz.pl\/index.php\/wp-json\/wp\/v2\/comments?post=280"}],"version-history":[{"count":0,"href":"https:\/\/studionagranlodz.pl\/index.php\/wp-json\/wp\/v2\/pages\/280\/revisions"}],"wp:attachment":[{"href":"https:\/\/studionagranlodz.pl\/index.php\/wp-json\/wp\/v2\/media?parent=280"}],"curies":[{"name":"wp","href":"https:\/\/api.w.org\/{rel}","templated":true}]}}