{"id":272,"date":"2019-07-18T07:22:00","date_gmt":"2019-07-18T07:22:00","guid":{"rendered":"https:\/\/studionagranlodz.pl\/?page_id=272"},"modified":"2023-10-04T07:33:36","modified_gmt":"2023-10-04T05:33:36","slug":"mastering-online-super-jakosc-za-niewielka-cene","status":"publish","type":"page","link":"https:\/\/studionagranlodz.pl\/index.php\/mastering-online-super-jakosc-za-niewielka-cene\/","title":{"rendered":"Mastering online &#8211; Super jako\u015b\u0107 za niewielk\u0105 cen\u0119"},"content":{"rendered":"<p><strong>Mastering online<\/strong> wykonujemy zwykle w czasie do dw\u00f3ch dni roboczych. Koszt takiej operacji to 50z\u0142 je\u017celi materia\u0142 jest zgrany w ca\u0142o\u015bci najlepiej w pliku WAV 24bity. Zawsze przesy\u0142amy pr\u00f3bk\u0119 materia\u0142u do pos\u0142uchania i oceny naszej pracy, a p\u00f3\u017aniej po wp\u0142acie na konto wysy\u0142amy ca\u0142o\u015b\u0107 masteru. Pracujemy na najnowszym sprz\u0119cie i oprogramowaniu.<\/p>\n<p><img decoding=\"async\" class=\"alignnone wp-image-577\" src=\"https:\/\/studionagranlodz.pl\/wp-content\/uploads\/2022\/06\/Mastering-online-300x124.jpg\" alt=\"Master online\" width=\"455\" height=\"188\" srcset=\"https:\/\/studionagranlodz.pl\/wp-content\/uploads\/2022\/06\/Mastering-online-300x124.jpg 300w, https:\/\/studionagranlodz.pl\/wp-content\/uploads\/2022\/06\/Mastering-online-1024x422.jpg 1024w, https:\/\/studionagranlodz.pl\/wp-content\/uploads\/2022\/06\/Mastering-online-768x316.jpg 768w, https:\/\/studionagranlodz.pl\/wp-content\/uploads\/2022\/06\/Mastering-online-1536x633.jpg 1536w, https:\/\/studionagranlodz.pl\/wp-content\/uploads\/2022\/06\/Mastering-online.jpg 1668w\" sizes=\"(max-width: 455px) 100vw, 455px\" \/><\/p>\n<p>Na \u017cyczenie klienta mo\u017cemy wykona\u0107 mastering typu &#8222;vintage&#8221; (bardziej analogowy) z nasyceniem ta\u015bmowym, b\u0105d\u017a nowoczesny master z wykorzystaniem najnowszych korektor\u00f3w aktywnych limiter\u00f3w i maximalizer\u00f3w. W samym procesie wsp\u00f3\u0142cze\u015bnie istnieje szansa na wi\u0119ksze wydobycie\u00a0 wokalu i perkusji z miksu, oraz g\u0142\u0119bi basu. Mamy r\u00f3wnie\u017c mo\u017cliwo\u015b\u0107 wzmocnienia stopy (kick).<\/p>\n<p><img decoding=\"async\" class=\"alignnone wp-image-579\" src=\"https:\/\/studionagranlodz.pl\/wp-content\/uploads\/2022\/06\/Master-online-300x125.jpg\" alt=\"Mastering online\" width=\"456\" height=\"190\" srcset=\"https:\/\/studionagranlodz.pl\/wp-content\/uploads\/2022\/06\/Master-online-300x125.jpg 300w, https:\/\/studionagranlodz.pl\/wp-content\/uploads\/2022\/06\/Master-online-1024x426.jpg 1024w, https:\/\/studionagranlodz.pl\/wp-content\/uploads\/2022\/06\/Master-online-768x319.jpg 768w, https:\/\/studionagranlodz.pl\/wp-content\/uploads\/2022\/06\/Master-online-1536x639.jpg 1536w, https:\/\/studionagranlodz.pl\/wp-content\/uploads\/2022\/06\/Master-online.jpg 1674w\" sizes=\"(max-width: 456px) 100vw, 456px\" \/><\/p>\n<p>Dla lepszych efekt\u00f3w naszej pracy mo\u017cecie nam Pa\u0144stwo przes\u0142a\u0107 osobno \u015bcie\u017ck\u0119 basu, \u015bcie\u017ck\u0119 perkusji, wszystkich pozosta\u0142ych instrument\u00f3w i osobno wokalu (czyli cztery \u015blady). Wtedy zrobimy za jednym zamachem mix z masteringiem i efekty b\u0119d\u0105 bardziej zadowalaj\u0105ce. Koszt takiej us\u0142ugi to 140z\u0142.<\/p>\n<p><iframe src=\"https:\/\/www.youtube.com\/embed\/7lF9h4nit7Y\" width=\"560\" height=\"315\" frameborder=\"0\" allowfullscreen=\"allowfullscreen\"><\/iframe><\/p>\n","protected":false},"excerpt":{"rendered":"<p>Mastering online wykonujemy zwykle w czasie do dw\u00f3ch dni roboczych. Koszt takiej operacji to 50z\u0142 je\u017celi materia\u0142 jest zgrany w ca\u0142o\u015bci najlepiej w pliku WAV 24bity. Zawsze przesy\u0142amy pr\u00f3bk\u0119 materia\u0142u do pos\u0142uchania i oceny naszej pracy, a p\u00f3\u017aniej po wp\u0142acie na konto wysy\u0142amy ca\u0142o\u015b\u0107 masteru. Pracujemy na najnowszym sprz\u0119cie i oprogramowaniu. Na \u017cyczenie klienta mo\u017cemy [&hellip;]<\/p>\n","protected":false},"author":1,"featured_media":0,"parent":0,"menu_order":0,"comment_status":"closed","ping_status":"closed","template":"","meta":{"_et_pb_use_builder":"","_et_pb_old_content":"","_et_gb_content_width":"","footnotes":""},"class_list":["post-272","page","type-page","status-publish","hentry"],"yoast_head":"<!-- This site is optimized with the Yoast SEO Premium plugin v26.4 (Yoast SEO v27.5) - https:\/\/yoast.com\/product\/yoast-seo-premium-wordpress\/ -->\n<title>Mastering online - Super jako\u015b\u0107 za niewielk\u0105 cen\u0119 - Studio Nagra\u0144 \u0141\u00f3d\u017a 11-tka. Zapis audio, edycja wokali, poprawa jako\u015bci plik\u00f3w z dyktafonu i wideo<\/title>\n<meta name=\"description\" content=\"Mastering online. Najlepszy master za niewielk\u0105 cen\u0119. Nowoczesne narz\u0119dzia i dobre pomieszczenie ods\u0142uchowe.\" \/>\n<meta name=\"robots\" content=\"index, follow, max-snippet:-1, max-image-preview:large, max-video-preview:-1\" \/>\n<link rel=\"canonical\" href=\"http:\/\/studionagranlodz.pl\/index.php\/mastering-online-super-jakosc-za-niewielka-cene\/\" \/>\n<meta property=\"og:locale\" content=\"pl_PL\" \/>\n<meta property=\"og:type\" content=\"article\" \/>\n<meta property=\"og:title\" content=\"Mastering online - Super jako\u015b\u0107 za niewielk\u0105 cen\u0119\" \/>\n<meta property=\"og:description\" content=\"Mastering online. Najlepszy master za niewielk\u0105 cen\u0119. Nowoczesne narz\u0119dzia i dobre pomieszczenie ods\u0142uchowe.\" \/>\n<meta property=\"og:url\" content=\"http:\/\/studionagranlodz.pl\/index.php\/mastering-online-super-jakosc-za-niewielka-cene\/\" \/>\n<meta property=\"og:site_name\" content=\"Studio Nagra\u0144 \u0141\u00f3d\u017a 11-tka. Zapis audio, edycja wokali, poprawa jako\u015bci plik\u00f3w z dyktafonu i wideo\" \/>\n<meta property=\"article:publisher\" content=\"https:\/\/www.facebook.com\/studionagraniowe11\" \/>\n<meta property=\"article:modified_time\" content=\"2023-10-04T05:33:36+00:00\" \/>\n<meta property=\"og:image\" content=\"https:\/\/studionagranlodz.pl\/wp-content\/uploads\/2022\/06\/Mastering-online-300x124.jpg\" \/>\n<meta name=\"twitter:card\" content=\"summary_large_image\" \/>\n<meta name=\"twitter:label1\" content=\"Szacowany czas czytania\" \/>\n\t<meta name=\"twitter:data1\" content=\"2 minuty\" \/>\n<script type=\"application\/ld+json\" class=\"yoast-schema-graph\">{\"@context\":\"https:\\\/\\\/schema.org\",\"@graph\":[{\"@type\":\"WebPage\",\"@id\":\"http:\\\/\\\/studionagranlodz.pl\\\/index.php\\\/mastering-online-super-jakosc-za-niewielka-cene\\\/\",\"url\":\"http:\\\/\\\/studionagranlodz.pl\\\/index.php\\\/mastering-online-super-jakosc-za-niewielka-cene\\\/\",\"name\":\"Mastering online - Super jako\u015b\u0107 za niewielk\u0105 cen\u0119 - Studio Nagra\u0144 \u0141\u00f3d\u017a 11-tka. Zapis audio, edycja wokali, poprawa jako\u015bci plik\u00f3w z dyktafonu i wideo\",\"isPartOf\":{\"@id\":\"https:\\\/\\\/studionagranlodz.pl\\\/#website\"},\"primaryImageOfPage\":{\"@id\":\"http:\\\/\\\/studionagranlodz.pl\\\/index.php\\\/mastering-online-super-jakosc-za-niewielka-cene\\\/#primaryimage\"},\"image\":{\"@id\":\"http:\\\/\\\/studionagranlodz.pl\\\/index.php\\\/mastering-online-super-jakosc-za-niewielka-cene\\\/#primaryimage\"},\"thumbnailUrl\":\"https:\\\/\\\/studionagranlodz.pl\\\/wp-content\\\/uploads\\\/2022\\\/06\\\/Mastering-online-300x124.jpg\",\"datePublished\":\"2019-07-18T07:22:00+00:00\",\"dateModified\":\"2023-10-04T05:33:36+00:00\",\"description\":\"Mastering online. Najlepszy master za niewielk\u0105 cen\u0119. Nowoczesne narz\u0119dzia i dobre pomieszczenie ods\u0142uchowe.\",\"breadcrumb\":{\"@id\":\"http:\\\/\\\/studionagranlodz.pl\\\/index.php\\\/mastering-online-super-jakosc-za-niewielka-cene\\\/#breadcrumb\"},\"inLanguage\":\"pl-PL\",\"potentialAction\":[{\"@type\":\"ReadAction\",\"target\":[\"http:\\\/\\\/studionagranlodz.pl\\\/index.php\\\/mastering-online-super-jakosc-za-niewielka-cene\\\/\"]}]},{\"@type\":\"ImageObject\",\"inLanguage\":\"pl-PL\",\"@id\":\"http:\\\/\\\/studionagranlodz.pl\\\/index.php\\\/mastering-online-super-jakosc-za-niewielka-cene\\\/#primaryimage\",\"url\":\"https:\\\/\\\/studionagranlodz.pl\\\/wp-content\\\/uploads\\\/2022\\\/06\\\/Mastering-online.jpg\",\"contentUrl\":\"https:\\\/\\\/studionagranlodz.pl\\\/wp-content\\\/uploads\\\/2022\\\/06\\\/Mastering-online.jpg\",\"width\":1668,\"height\":687},{\"@type\":\"BreadcrumbList\",\"@id\":\"http:\\\/\\\/studionagranlodz.pl\\\/index.php\\\/mastering-online-super-jakosc-za-niewielka-cene\\\/#breadcrumb\",\"itemListElement\":[{\"@type\":\"ListItem\",\"position\":1,\"name\":\"Home\",\"item\":\"https:\\\/\\\/studionagranlodz.pl\\\/\"},{\"@type\":\"ListItem\",\"position\":2,\"name\":\"Mastering online &#8211; Super jako\u015b\u0107 za niewielk\u0105 cen\u0119\"}]},{\"@type\":\"WebSite\",\"@id\":\"https:\\\/\\\/studionagranlodz.pl\\\/#website\",\"url\":\"https:\\\/\\\/studionagranlodz.pl\\\/\",\"name\":\"Studio Nagra\u0144 \u0141\u00f3d\u017a 11-tka\",\"description\":\"Studio nagra\u0144 \u0141\u00f3d\u017a oferuje nagrania wokalist\u00f3w, lektor\u00f3w, mix i mastering. Odszumianie nagra\u0144 z dyktafonu. Produkcj\u0119 muzyczn\u0105 wraz z kompozycj\u0105 i aran\u017cacj\u0105.\",\"publisher\":{\"@id\":\"https:\\\/\\\/studionagranlodz.pl\\\/#organization\"},\"potentialAction\":[{\"@type\":\"SearchAction\",\"target\":{\"@type\":\"EntryPoint\",\"urlTemplate\":\"https:\\\/\\\/studionagranlodz.pl\\\/?s={search_term_string}\"},\"query-input\":{\"@type\":\"PropertyValueSpecification\",\"valueRequired\":true,\"valueName\":\"search_term_string\"}}],\"inLanguage\":\"pl-PL\"},{\"@type\":\"Organization\",\"@id\":\"https:\\\/\\\/studionagranlodz.pl\\\/#organization\",\"name\":\"PZ audio\",\"url\":\"https:\\\/\\\/studionagranlodz.pl\\\/\",\"logo\":{\"@type\":\"ImageObject\",\"inLanguage\":\"pl-PL\",\"@id\":\"https:\\\/\\\/studionagranlodz.pl\\\/#\\\/schema\\\/logo\\\/image\\\/\",\"url\":\"https:\\\/\\\/studionagranlodz.pl\\\/wp-content\\\/uploads\\\/2024\\\/08\\\/cropped-sound_studio_11_google_thumbnail.png\",\"contentUrl\":\"https:\\\/\\\/studionagranlodz.pl\\\/wp-content\\\/uploads\\\/2024\\\/08\\\/cropped-sound_studio_11_google_thumbnail.png\",\"width\":1024,\"height\":1024,\"caption\":\"PZ audio\"},\"image\":{\"@id\":\"https:\\\/\\\/studionagranlodz.pl\\\/#\\\/schema\\\/logo\\\/image\\\/\"},\"sameAs\":[\"https:\\\/\\\/www.facebook.com\\\/studionagraniowe11\"]}]}<\/script>\n<!-- \/ Yoast SEO Premium plugin. -->","yoast_head_json":{"title":"Mastering online - Super jako\u015b\u0107 za niewielk\u0105 cen\u0119 - Studio Nagra\u0144 \u0141\u00f3d\u017a 11-tka. Zapis audio, edycja wokali, poprawa jako\u015bci plik\u00f3w z dyktafonu i wideo","description":"Mastering online. Najlepszy master za niewielk\u0105 cen\u0119. Nowoczesne narz\u0119dzia i dobre pomieszczenie ods\u0142uchowe.","robots":{"index":"index","follow":"follow","max-snippet":"max-snippet:-1","max-image-preview":"max-image-preview:large","max-video-preview":"max-video-preview:-1"},"canonical":"http:\/\/studionagranlodz.pl\/index.php\/mastering-online-super-jakosc-za-niewielka-cene\/","og_locale":"pl_PL","og_type":"article","og_title":"Mastering online - Super jako\u015b\u0107 za niewielk\u0105 cen\u0119","og_description":"Mastering online. Najlepszy master za niewielk\u0105 cen\u0119. Nowoczesne narz\u0119dzia i dobre pomieszczenie ods\u0142uchowe.","og_url":"http:\/\/studionagranlodz.pl\/index.php\/mastering-online-super-jakosc-za-niewielka-cene\/","og_site_name":"Studio Nagra\u0144 \u0141\u00f3d\u017a 11-tka. Zapis audio, edycja wokali, poprawa jako\u015bci plik\u00f3w z dyktafonu i wideo","article_publisher":"https:\/\/www.facebook.com\/studionagraniowe11","article_modified_time":"2023-10-04T05:33:36+00:00","og_image":[{"url":"https:\/\/studionagranlodz.pl\/wp-content\/uploads\/2022\/06\/Mastering-online-300x124.jpg","type":"","width":"","height":""}],"twitter_card":"summary_large_image","twitter_misc":{"Szacowany czas czytania":"2 minuty"},"schema":{"@context":"https:\/\/schema.org","@graph":[{"@type":"WebPage","@id":"http:\/\/studionagranlodz.pl\/index.php\/mastering-online-super-jakosc-za-niewielka-cene\/","url":"http:\/\/studionagranlodz.pl\/index.php\/mastering-online-super-jakosc-za-niewielka-cene\/","name":"Mastering online - Super jako\u015b\u0107 za niewielk\u0105 cen\u0119 - Studio Nagra\u0144 \u0141\u00f3d\u017a 11-tka. Zapis audio, edycja wokali, poprawa jako\u015bci plik\u00f3w z dyktafonu i wideo","isPartOf":{"@id":"https:\/\/studionagranlodz.pl\/#website"},"primaryImageOfPage":{"@id":"http:\/\/studionagranlodz.pl\/index.php\/mastering-online-super-jakosc-za-niewielka-cene\/#primaryimage"},"image":{"@id":"http:\/\/studionagranlodz.pl\/index.php\/mastering-online-super-jakosc-za-niewielka-cene\/#primaryimage"},"thumbnailUrl":"https:\/\/studionagranlodz.pl\/wp-content\/uploads\/2022\/06\/Mastering-online-300x124.jpg","datePublished":"2019-07-18T07:22:00+00:00","dateModified":"2023-10-04T05:33:36+00:00","description":"Mastering online. Najlepszy master za niewielk\u0105 cen\u0119. Nowoczesne narz\u0119dzia i dobre pomieszczenie ods\u0142uchowe.","breadcrumb":{"@id":"http:\/\/studionagranlodz.pl\/index.php\/mastering-online-super-jakosc-za-niewielka-cene\/#breadcrumb"},"inLanguage":"pl-PL","potentialAction":[{"@type":"ReadAction","target":["http:\/\/studionagranlodz.pl\/index.php\/mastering-online-super-jakosc-za-niewielka-cene\/"]}]},{"@type":"ImageObject","inLanguage":"pl-PL","@id":"http:\/\/studionagranlodz.pl\/index.php\/mastering-online-super-jakosc-za-niewielka-cene\/#primaryimage","url":"https:\/\/studionagranlodz.pl\/wp-content\/uploads\/2022\/06\/Mastering-online.jpg","contentUrl":"https:\/\/studionagranlodz.pl\/wp-content\/uploads\/2022\/06\/Mastering-online.jpg","width":1668,"height":687},{"@type":"BreadcrumbList","@id":"http:\/\/studionagranlodz.pl\/index.php\/mastering-online-super-jakosc-za-niewielka-cene\/#breadcrumb","itemListElement":[{"@type":"ListItem","position":1,"name":"Home","item":"https:\/\/studionagranlodz.pl\/"},{"@type":"ListItem","position":2,"name":"Mastering online &#8211; Super jako\u015b\u0107 za niewielk\u0105 cen\u0119"}]},{"@type":"WebSite","@id":"https:\/\/studionagranlodz.pl\/#website","url":"https:\/\/studionagranlodz.pl\/","name":"Studio Nagra\u0144 \u0141\u00f3d\u017a 11-tka","description":"Studio nagra\u0144 \u0141\u00f3d\u017a oferuje nagrania wokalist\u00f3w, lektor\u00f3w, mix i mastering. Odszumianie nagra\u0144 z dyktafonu. Produkcj\u0119 muzyczn\u0105 wraz z kompozycj\u0105 i aran\u017cacj\u0105.","publisher":{"@id":"https:\/\/studionagranlodz.pl\/#organization"},"potentialAction":[{"@type":"SearchAction","target":{"@type":"EntryPoint","urlTemplate":"https:\/\/studionagranlodz.pl\/?s={search_term_string}"},"query-input":{"@type":"PropertyValueSpecification","valueRequired":true,"valueName":"search_term_string"}}],"inLanguage":"pl-PL"},{"@type":"Organization","@id":"https:\/\/studionagranlodz.pl\/#organization","name":"PZ audio","url":"https:\/\/studionagranlodz.pl\/","logo":{"@type":"ImageObject","inLanguage":"pl-PL","@id":"https:\/\/studionagranlodz.pl\/#\/schema\/logo\/image\/","url":"https:\/\/studionagranlodz.pl\/wp-content\/uploads\/2024\/08\/cropped-sound_studio_11_google_thumbnail.png","contentUrl":"https:\/\/studionagranlodz.pl\/wp-content\/uploads\/2024\/08\/cropped-sound_studio_11_google_thumbnail.png","width":1024,"height":1024,"caption":"PZ audio"},"image":{"@id":"https:\/\/studionagranlodz.pl\/#\/schema\/logo\/image\/"},"sameAs":["https:\/\/www.facebook.com\/studionagraniowe11"]}]}},"_links":{"self":[{"href":"https:\/\/studionagranlodz.pl\/index.php\/wp-json\/wp\/v2\/pages\/272","targetHints":{"allow":["GET"]}}],"collection":[{"href":"https:\/\/studionagranlodz.pl\/index.php\/wp-json\/wp\/v2\/pages"}],"about":[{"href":"https:\/\/studionagranlodz.pl\/index.php\/wp-json\/wp\/v2\/types\/page"}],"author":[{"embeddable":true,"href":"https:\/\/studionagranlodz.pl\/index.php\/wp-json\/wp\/v2\/users\/1"}],"replies":[{"embeddable":true,"href":"https:\/\/studionagranlodz.pl\/index.php\/wp-json\/wp\/v2\/comments?post=272"}],"version-history":[{"count":0,"href":"https:\/\/studionagranlodz.pl\/index.php\/wp-json\/wp\/v2\/pages\/272\/revisions"}],"wp:attachment":[{"href":"https:\/\/studionagranlodz.pl\/index.php\/wp-json\/wp\/v2\/media?parent=272"}],"curies":[{"name":"wp","href":"https:\/\/api.w.org\/{rel}","templated":true}]}}